{"id":781,"date":"2017-03-10T16:14:12","date_gmt":"2017-03-10T15:14:12","guid":{"rendered":"http:\/\/lisa.gallauner.at\/?page_id=781"},"modified":"2026-03-20T16:05:45","modified_gmt":"2026-03-20T15:05:45","slug":"dorfkrimis","status":"publish","type":"page","link":"https:\/\/lisa.gallauner.at\/?page_id=781","title":{"rendered":"M\u00f6rderisch &amp; Fesch-Krimis"},"content":{"rendered":"<table>\n<tbody>\n<tr>\n<td style=\"text-align: justify;\"><a href=\"https:\/\/lisa.gallauner.at\/WordPress\/wp-content\/uploads\/2026\/03\/Villenfluch.jpeg\"><img loading=\"lazy\" decoding=\"async\" class=\"alignleft size-medium wp-image-1138\" src=\"https:\/\/lisa.gallauner.at\/WordPress\/wp-content\/uploads\/2026\/03\/Villenfluch-203x300.jpeg\" alt=\"\" width=\"203\" height=\"300\" srcset=\"https:\/\/lisa.gallauner.at\/WordPress\/wp-content\/uploads\/2026\/03\/Villenfluch-203x300.jpeg 203w, https:\/\/lisa.gallauner.at\/WordPress\/wp-content\/uploads\/2026\/03\/Villenfluch-692x1024.jpeg 692w, https:\/\/lisa.gallauner.at\/WordPress\/wp-content\/uploads\/2026\/03\/Villenfluch-768x1137.jpeg 768w, https:\/\/lisa.gallauner.at\/WordPress\/wp-content\/uploads\/2026\/03\/Villenfluch-1038x1536.jpeg 1038w, https:\/\/lisa.gallauner.at\/WordPress\/wp-content\/uploads\/2026\/03\/Villenfluch-1384x2048.jpeg 1384w, https:\/\/lisa.gallauner.at\/WordPress\/wp-content\/uploads\/2026\/03\/Villenfluch.jpeg 1472w\" sizes=\"auto, (max-width: 203px) 100vw, 203px\" \/><\/a><em>Villenfluch, der 5. Fall f\u00fcr M\u00f6rderisch &amp; Fesch:<\/em><\/p>\n<p>Also das Letzte, woran der Polizist Friedrich Fesch glaubt, sind Geister. Deshalb findet er es auch ein bisserl \u00fcbertrieben, dass ein Fernsehteam nach Sankt Lindenbaum kommt, weil es in der noblen Seevilla spukt. Als wenig sp\u00e4ter eine Wasserleiche gefunden wird, ist dem posttraumatisch etwas angeschlagenen Ermittler klar, dass er endlich wieder aktiv werden muss.<\/p>\n<p>Zeitgleich haben auch Chefinspektor Hans Meierhofer und sein mittlerweile erweitertes Team einen anstrengenden Fall hinter sich. Der Wachauer Kriminalbeamte sehnt sich also eigentlich nach ein paar Tagen Urlaub, als Gruppeninspektor Staudinger pl\u00f6tzlich eine Nachricht seiner alten Bekannten Michi M\u00f6rderisch bekommt.<\/p>\n<p>Und auch, wenn Friedrich Fesch, Hans Meierhofer und ihre Kollegen einander nie pers\u00f6nlich treffen, werden sie nun zu unerwarteten Partnern. Denn der Sankt Lindenbaumer Villenfluch zieht seine Spuren bis in die Wachau.<\/p>\n<p><em>\u00a0<\/em><\/td>\n<\/tr>\n<tr>\n<td style=\"text-align: justify;\"><em><a href=\"https:\/\/federfrei.at\/?product=maistrich-von-lisa-gallauner\" target=\"_blank\" rel=\"noopener\"><img loading=\"lazy\" decoding=\"async\" class=\"alignleft wp-image-1062 size-medium\" src=\"https:\/\/lisa.gallauner.at\/WordPress\/wp-content\/uploads\/2023\/03\/Cover_Maistrich-203x300.jpg\" alt=\"\" width=\"203\" height=\"300\" srcset=\"https:\/\/lisa.gallauner.at\/WordPress\/wp-content\/uploads\/2023\/03\/Cover_Maistrich-203x300.jpg 203w, https:\/\/lisa.gallauner.at\/WordPress\/wp-content\/uploads\/2023\/03\/Cover_Maistrich-693x1024.jpg 693w, https:\/\/lisa.gallauner.at\/WordPress\/wp-content\/uploads\/2023\/03\/Cover_Maistrich-768x1135.jpg 768w, https:\/\/lisa.gallauner.at\/WordPress\/wp-content\/uploads\/2023\/03\/Cover_Maistrich-1040x1536.jpg 1040w, https:\/\/lisa.gallauner.at\/WordPress\/wp-content\/uploads\/2023\/03\/Cover_Maistrich-1386x2048.jpg 1386w, https:\/\/lisa.gallauner.at\/WordPress\/wp-content\/uploads\/2023\/03\/Cover_Maistrich.jpg 1464w\" sizes=\"auto, (max-width: 203px) 100vw, 203px\" \/><\/a>Maistrich, der 4. Fall f\u00fcr M\u00f6rderisch &amp; Fesch:<\/em><\/p>\n<p>Inhalt<strong>:<\/strong><\/p>\n<p>Also eigentlich freut sich der Sankt Lindenbaumer Polizeibeamte Friedrich Fesch schon seit Wochen auf ein beschauliches Maifest mit seiner Sissi. Doch dann ist da dieser vermaledeite Maistrich vor der Feschen Haust\u00fcr, der zu etwas \u00e4u\u00dferst Unsch\u00f6nem f\u00fchrt. Mit einem Mal \u00fcberrollt seine behutsam verdr\u00e4ngte Vergangenheit den Polizisten, und keiner wei\u00df mehr mit Sicherheit, wer hier gut und wer b\u00f6se ist, nicht einmal die Michi M\u00f6rderisch.<\/p>\n<p style=\"text-align: left;\"><em>\u00a0<\/em><\/p>\n<\/td>\n<\/tr>\n<tr>\n<td style=\"text-align: justify;\">\n<p style=\"text-align: left;\"><em><a href=\"https:\/\/federfrei.at\/?product=lindenbusserl-von-lisa-gallauner\"><img loading=\"lazy\" decoding=\"async\" class=\"alignleft wp-image-993 size-medium\" src=\"https:\/\/lisa.gallauner.at\/WordPress\/wp-content\/uploads\/2021\/03\/cover_lindenbusserl_kl-203x300.jpg\" alt=\"\" width=\"203\" height=\"300\" srcset=\"https:\/\/lisa.gallauner.at\/WordPress\/wp-content\/uploads\/2021\/03\/cover_lindenbusserl_kl-203x300.jpg 203w, https:\/\/lisa.gallauner.at\/WordPress\/wp-content\/uploads\/2021\/03\/cover_lindenbusserl_kl.jpg 384w\" sizes=\"auto, (max-width: 203px) 100vw, 203px\" \/><\/a>Lindenbusserl, der 3. Fall f\u00fcr M\u00f6rderisch &amp; Fesch:<\/em><\/p>\n<p>Inhalt:<\/p>\n<p>Eigentlich sollte alles, was Sankt Lindenbaum so kurz vor dem Valentinstag besch\u00e4ftigt, der erste <em>Lindenbusserl<\/em>-Backwettbewerb der Dorfgeschichte sein. Doch dann hat eine der Jurorinnen einen wirklich grauslichen t\u00f6dlichen Unfall, und der Backwettbewerb tritt pl\u00f6tzlich in den Hintergrund. Schon allein deshalb, weil der Unfall eben gar keiner gewesen ist und die M\u00f6rderisch und der frisch verliebte Fesch nun ihren dritten gemeinsamen Mordfall aufzukl\u00e4ren haben. Dabei zeigt sich, dass auch im idyllisch verschneiten Sankt Lindenbaum leider nichts so ist, wie es auf den ersten Blick scheint.<\/td>\n<\/tr>\n<tr>\n<td style=\"text-align: justify;\"><a href=\"https:\/\/federfrei.at\/?product=herbstleich-von-lisa-gallauner\"><img loading=\"lazy\" decoding=\"async\" class=\"alignleft wp-image-917 size-medium\" style=\"width: 200px; height: 300px;\" src=\"https:\/\/lisa.gallauner.at\/WordPress\/wp-content\/uploads\/2019\/08\/9783990740675-202x300.jpg\" alt=\"\" width=\"202\" height=\"300\" srcset=\"https:\/\/lisa.gallauner.at\/WordPress\/wp-content\/uploads\/2019\/08\/9783990740675-202x300.jpg 202w, https:\/\/lisa.gallauner.at\/WordPress\/wp-content\/uploads\/2019\/08\/9783990740675-768x1138.jpg 768w, https:\/\/lisa.gallauner.at\/WordPress\/wp-content\/uploads\/2019\/08\/9783990740675-691x1024.jpg 691w, https:\/\/lisa.gallauner.at\/WordPress\/wp-content\/uploads\/2019\/08\/9783990740675.jpg 1470w\" sizes=\"auto, (max-width: 202px) 100vw, 202px\" \/><\/a><em style=\"font-size: inherit; text-align: left; font-family: inherit; font-weight: inherit;\">Herbstleich&#8216;, der 2. Fall f\u00fcr M\u00f6rderisch &amp; Fesch:<\/em><\/p>\n<p>Inhalt:<\/p>\n<p>Also wenn der Polizeibeamte Friedrich Fesch eines nicht mag, dann ist das dieses neumodische Halloween. Bl\u00f6d nur, dass ausgerechnet nahe der Sankt Lindenbaumer Promenade am 31. Oktober ein toter Werwolf gefunden wird. Ist tats\u00e4chlich eine harmlose Schl\u00e4gerei w\u00e4hrend der Halloweenfeier im ehrw\u00fcrdigen Gemeindesaal Ausl\u00f6ser f\u00fcr diese Bluttat gewesen? Oder steckt etwas ganz anderes hinter dem gewaltsamen Tod eines jungen Arch\u00e4ologiestudenten aus Unterlindenbaum? Es n\u00fctzt alles nichts, die Kriminalbeamtin Michi M\u00f6rderisch und Friedrich Fesch m\u00fcssen zum zweiten Mal gemeinsam ermitteln und sto\u00dfen dabei auf unerwartete Abgr\u00fcnde in der beschaulichen Idylle.<\/td>\n<\/tr>\n<tr>\n<td style=\"text-align: justify;\">\n<p style=\"text-align: left;\"><a href=\"https:\/\/federfrei.at\/?product=moerderisch-fesch-von-lisa-gallauner\"><img loading=\"lazy\" decoding=\"async\" class=\"alignleft wp-image-786 size-medium\" style=\"width: 200px; height: 300px;\" src=\"https:\/\/lisa.gallauner.at\/WordPress\/wp-content\/uploads\/2017\/03\/cover_moerderisch_fesch_kl-202x300.jpg\" alt=\"\" width=\"202\" height=\"300\" srcset=\"https:\/\/lisa.gallauner.at\/WordPress\/wp-content\/uploads\/2017\/03\/cover_moerderisch_fesch_kl-202x300.jpg 202w, https:\/\/lisa.gallauner.at\/WordPress\/wp-content\/uploads\/2017\/03\/cover_moerderisch_fesch_kl.jpg 352w\" sizes=\"auto, (max-width: 202px) 100vw, 202px\" \/><\/a><em>M\u00f6rderisch &amp; Fesch<strong>:<\/strong><\/em><\/p>\n<p style=\"text-align: left;\">Inhalt:<\/p>\n<p style=\"text-align: left;\">Der erste Fall des neuen Ermittlerteams Michi M\u00f6rderisch und Friedrich Fesch: Im beschaulichen Sankt Lindenbaum passiert ein abscheuliches Verbrechen. Die Uschi Herzigmann, das feschste M\u00e4del des gesamten Ortes, wird tot aufgefunden. Ausgerechnet neben dem Marterl unter der gro\u00dfen Linde! Ewig schad\u2019 um die Uschi, die drauf und dran war, die Wahl zur Lindenbl\u00fcte zu gewinnen und als Model und Schauspielerin Karriere zu machen. Wem diese hochtrabenden Pl\u00e4ne wohl so gar nicht gepasst haben?<\/p>\n<\/td>\n<\/tr>\n<\/tbody>\n<\/table>\n","protected":false},"excerpt":{"rendered":"<p>Villenfluch, der 5. Fall f\u00fcr M\u00f6rderisch &amp; Fesch: Also das Letzte, woran der Polizist Friedrich Fesch glaubt, sind Geister. Deshalb findet er es auch ein bisserl \u00fcbertrieben, dass ein Fernsehteam nach Sankt Lindenbaum kommt, weil es in der noblen Seevilla spukt. Als wenig sp\u00e4ter eine Wasserleiche gefunden wird, ist dem posttraumatisch etwas angeschlagenen Ermittler klar, [&hellip;]<\/p>\n","protected":false},"author":2,"featured_media":0,"parent":0,"menu_order":0,"comment_status":"closed","ping_status":"closed","template":"","meta":{"footnotes":""},"class_list":["post-781","page","type-page","status-publish","hentry"],"_links":{"self":[{"href":"https:\/\/lisa.gallauner.at\/index.php?rest_route=\/wp\/v2\/pages\/781","targetHints":{"allow":["GET"]}}],"collection":[{"href":"https:\/\/lisa.gallauner.at\/index.php?rest_route=\/wp\/v2\/pages"}],"about":[{"href":"https:\/\/lisa.gallauner.at\/index.php?rest_route=\/wp\/v2\/types\/page"}],"author":[{"embeddable":true,"href":"https:\/\/lisa.gallauner.at\/index.php?rest_route=\/wp\/v2\/users\/2"}],"replies":[{"embeddable":true,"href":"https:\/\/lisa.gallauner.at\/index.php?rest_route=%2Fwp%2Fv2%2Fcomments&post=781"}],"version-history":[{"count":26,"href":"https:\/\/lisa.gallauner.at\/index.php?rest_route=\/wp\/v2\/pages\/781\/revisions"}],"predecessor-version":[{"id":1156,"href":"https:\/\/lisa.gallauner.at\/index.php?rest_route=\/wp\/v2\/pages\/781\/revisions\/1156"}],"wp:attachment":[{"href":"https:\/\/lisa.gallauner.at\/index.php?rest_route=%2Fwp%2Fv2%2Fmedia&parent=781"}],"curies":[{"name":"wp","href":"https:\/\/api.w.org\/{rel}","templated":true}]}}

Mörderisch &amp; Fesch-Krimis

<table>
<tbody>
<tr>
<td style="text-align: justify;"><a href="https://lisa.gallauner.at/WordPress/wp-content/uploads/2026/03/Villenfluch.jpeg"><img loading="lazy" decoding="async" class="alignleft size-medium wp-image-1138" src="https://lisa.gallauner.at/WordPress/wp-content/uploads/2026/03/Villenfluch-203x300.jpeg" alt="" width="203" height="300" srcset="https://lisa.gallauner.at/WordPress/wp-content/uploads/2026/03/Villenfluch-203x300.jpeg 203w, https://lisa.gallauner.at/WordPress/wp-content/uploads/2026/03/Villenfluch-692x1024.jpeg 692w, https://lisa.gallauner.at/WordPress/wp-content/uploads/2026/03/Villenfluch-768x1137.jpeg 768w, https://lisa.gallauner.at/WordPress/wp-content/uploads/2026/03/Villenfluch-1038x1536.jpeg 1038w, https://lisa.gallauner.at/WordPress/wp-content/uploads/2026/03/Villenfluch-1384x2048.jpeg 1384w, https://lisa.gallauner.at/WordPress/wp-content/uploads/2026/03/Villenfluch.jpeg 1472w" sizes="auto, (max-width: 203px) 100vw, 203px" /></a><em>Villenfluch, der 5. Fall für Mörderisch &amp; Fesch:</em></p>
<p>Also das Letzte, woran der Polizist Friedrich Fesch glaubt, sind Geister. Deshalb findet er es auch ein bisserl übertrieben, dass ein Fernsehteam nach Sankt Lindenbaum kommt, weil es in der noblen Seevilla spukt. Als wenig später eine Wasserleiche gefunden wird, ist dem posttraumatisch etwas angeschlagenen Ermittler klar, dass er endlich wieder aktiv werden muss.</p>
<p>Zeitgleich haben auch Chefinspektor Hans Meierhofer und sein mittlerweile erweitertes Team einen anstrengenden Fall hinter sich. Der Wachauer Kriminalbeamte sehnt sich also eigentlich nach ein paar Tagen Urlaub, als Gruppeninspektor Staudinger plötzlich eine Nachricht seiner alten Bekannten Michi Mörderisch bekommt.</p>
<p>Und auch, wenn Friedrich Fesch, Hans Meierhofer und ihre Kollegen einander nie persönlich treffen, werden sie nun zu unerwarteten Partnern. Denn der Sankt Lindenbaumer Villenfluch zieht seine Spuren bis in die Wachau.</p>
<p><em> </em></td>
</tr>
<tr>
<td style="text-align: justify;"><em><a href="https://federfrei.at/?product=maistrich-von-lisa-gallauner" target="_blank" rel="noopener"><img loading="lazy" decoding="async" class="alignleft wp-image-1062 size-medium" src="https://lisa.gallauner.at/WordPress/wp-content/uploads/2023/03/Cover_Maistrich-203x300.jpg" alt="" width="203" height="300" srcset="https://lisa.gallauner.at/WordPress/wp-content/uploads/2023/03/Cover_Maistrich-203x300.jpg 203w, https://lisa.gallauner.at/WordPress/wp-content/uploads/2023/03/Cover_Maistrich-693x1024.jpg 693w, https://lisa.gallauner.at/WordPress/wp-content/uploads/2023/03/Cover_Maistrich-768x1135.jpg 768w, https://lisa.gallauner.at/WordPress/wp-content/uploads/2023/03/Cover_Maistrich-1040x1536.jpg 1040w, https://lisa.gallauner.at/WordPress/wp-content/uploads/2023/03/Cover_Maistrich-1386x2048.jpg 1386w, https://lisa.gallauner.at/WordPress/wp-content/uploads/2023/03/Cover_Maistrich.jpg 1464w" sizes="auto, (max-width: 203px) 100vw, 203px" /></a>Maistrich, der 4. Fall für Mörderisch &amp; Fesch:</em></p>
<p>Inhalt<strong>:</strong></p>
<p>Also eigentlich freut sich der Sankt Lindenbaumer Polizeibeamte Friedrich Fesch schon seit Wochen auf ein beschauliches Maifest mit seiner Sissi. Doch dann ist da dieser vermaledeite Maistrich vor der Feschen Haustür, der zu etwas äußerst Unschönem führt. Mit einem Mal überrollt seine behutsam verdrängte Vergangenheit den Polizisten, und keiner weiß mehr mit Sicherheit, wer hier gut und wer böse ist, nicht einmal die Michi Mörderisch.</p>
<p style="text-align: left;"><em> </em></p>
</td>
</tr>
<tr>
<td style="text-align: justify;">
<p style="text-align: left;"><em><a href="https://federfrei.at/?product=lindenbusserl-von-lisa-gallauner"><img loading="lazy" decoding="async" class="alignleft wp-image-993 size-medium" src="https://lisa.gallauner.at/WordPress/wp-content/uploads/2021/03/cover_lindenbusserl_kl-203x300.jpg" alt="" width="203" height="300" srcset="https://lisa.gallauner.at/WordPress/wp-content/uploads/2021/03/cover_lindenbusserl_kl-203x300.jpg 203w, https://lisa.gallauner.at/WordPress/wp-content/uploads/2021/03/cover_lindenbusserl_kl.jpg 384w" sizes="auto, (max-width: 203px) 100vw, 203px" /></a>Lindenbusserl, der 3. Fall für Mörderisch &amp; Fesch:</em></p>
<p>Inhalt:</p>
<p>Eigentlich sollte alles, was Sankt Lindenbaum so kurz vor dem Valentinstag beschäftigt, der erste <em>Lindenbusserl</em>-Backwettbewerb der Dorfgeschichte sein. Doch dann hat eine der Jurorinnen einen wirklich grauslichen tödlichen Unfall, und der Backwettbewerb tritt plötzlich in den Hintergrund. Schon allein deshalb, weil der Unfall eben gar keiner gewesen ist und die Mörderisch und der frisch verliebte Fesch nun ihren dritten gemeinsamen Mordfall aufzuklären haben. Dabei zeigt sich, dass auch im idyllisch verschneiten Sankt Lindenbaum leider nichts so ist, wie es auf den ersten Blick scheint.</td>
</tr>
<tr>
<td style="text-align: justify;"><a href="https://federfrei.at/?product=herbstleich-von-lisa-gallauner"><img loading="lazy" decoding="async" class="alignleft wp-image-917 size-medium" style="width: 200px; height: 300px;" src="https://lisa.gallauner.at/WordPress/wp-content/uploads/2019/08/9783990740675-202x300.jpg" alt="" width="202" height="300" srcset="https://lisa.gallauner.at/WordPress/wp-content/uploads/2019/08/9783990740675-202x300.jpg 202w, https://lisa.gallauner.at/WordPress/wp-content/uploads/2019/08/9783990740675-768x1138.jpg 768w, https://lisa.gallauner.at/WordPress/wp-content/uploads/2019/08/9783990740675-691x1024.jpg 691w, https://lisa.gallauner.at/WordPress/wp-content/uploads/2019/08/9783990740675.jpg 1470w" sizes="auto, (max-width: 202px) 100vw, 202px" /></a><em style="font-size: inherit; text-align: left; font-family: inherit; font-weight: inherit;">Herbstleich&#8216;, der 2. Fall für Mörderisch &amp; Fesch:</em></p>
<p>Inhalt:</p>
<p>Also wenn der Polizeibeamte Friedrich Fesch eines nicht mag, dann ist das dieses neumodische Halloween. Blöd nur, dass ausgerechnet nahe der Sankt Lindenbaumer Promenade am 31. Oktober ein toter Werwolf gefunden wird. Ist tatsächlich eine harmlose Schlägerei während der Halloweenfeier im ehrwürdigen Gemeindesaal Auslöser für diese Bluttat gewesen? Oder steckt etwas ganz anderes hinter dem gewaltsamen Tod eines jungen Archäologiestudenten aus Unterlindenbaum? Es nützt alles nichts, die Kriminalbeamtin Michi Mörderisch und Friedrich Fesch müssen zum zweiten Mal gemeinsam ermitteln und stoßen dabei auf unerwartete Abgründe in der beschaulichen Idylle.</td>
</tr>
<tr>
<td style="text-align: justify;">
<p style="text-align: left;"><a href="https://federfrei.at/?product=moerderisch-fesch-von-lisa-gallauner"><img loading="lazy" decoding="async" class="alignleft wp-image-786 size-medium" style="width: 200px; height: 300px;" src="https://lisa.gallauner.at/WordPress/wp-content/uploads/2017/03/cover_moerderisch_fesch_kl-202x300.jpg" alt="" width="202" height="300" srcset="https://lisa.gallauner.at/WordPress/wp-content/uploads/2017/03/cover_moerderisch_fesch_kl-202x300.jpg 202w, https://lisa.gallauner.at/WordPress/wp-content/uploads/2017/03/cover_moerderisch_fesch_kl.jpg 352w" sizes="auto, (max-width: 202px) 100vw, 202px" /></a><em>Mörderisch &amp; Fesch<strong>:</strong></em></p>
<p style="text-align: left;">Inhalt:</p>
<p style="text-align: left;">Der erste Fall des neuen Ermittlerteams Michi Mörderisch und Friedrich Fesch: Im beschaulichen Sankt Lindenbaum passiert ein abscheuliches Verbrechen. Die Uschi Herzigmann, das feschste Mädel des gesamten Ortes, wird tot aufgefunden. Ausgerechnet neben dem Marterl unter der großen Linde! Ewig schad’ um die Uschi, die drauf und dran war, die Wahl zur Lindenblüte zu gewinnen und als Model und Schauspielerin Karriere zu machen. Wem diese hochtrabenden Pläne wohl so gar nicht gepasst haben?</p>
</td>
</tr>
</tbody>
</table>

<p>Villenfluch, der 5. Fall für Mörderisch &amp; Fesch: Also das Letzte, woran der Polizist Friedrich Fesch glaubt, sind Geister. Deshalb findet er es auch ein bisserl übertrieben, dass ein Fernsehteam nach Sankt Lindenbaum kommt, weil es in der noblen Seevilla spukt. Als wenig später eine Wasserleiche gefunden wird, ist dem posttraumatisch etwas angeschlagenen Ermittler klar, [&hellip;]</p>
