{"id":10,"date":"2013-11-05T20:39:56","date_gmt":"2013-11-05T18:39:56","guid":{"rendered":"http:\/\/romgaltest.wordpress.com\/?page_id=10"},"modified":"2026-03-20T16:07:42","modified_gmt":"2026-03-20T15:07:42","slug":"kriminalromane","status":"publish","type":"page","link":"https:\/\/lisa.gallauner.at\/?page_id=10","title":{"rendered":"Meierhofer-Krimis"},"content":{"rendered":"<table>\n<tbody>\n<tr>\n<td style=\"text-align: justify;\"><a href=\"https:\/\/lisa.gallauner.at\/WordPress\/wp-content\/uploads\/2026\/03\/Villenfluch.jpeg\"><img loading=\"lazy\" decoding=\"async\" class=\"alignleft wp-image-1138\" style=\"width: 200px; height: 300px;\" src=\"https:\/\/lisa.gallauner.at\/WordPress\/wp-content\/uploads\/2026\/03\/Villenfluch-203x300.jpeg\" alt=\"\" width=\"223\" height=\"329\" srcset=\"https:\/\/lisa.gallauner.at\/WordPress\/wp-content\/uploads\/2026\/03\/Villenfluch-203x300.jpeg 203w, https:\/\/lisa.gallauner.at\/WordPress\/wp-content\/uploads\/2026\/03\/Villenfluch-692x1024.jpeg 692w, https:\/\/lisa.gallauner.at\/WordPress\/wp-content\/uploads\/2026\/03\/Villenfluch-768x1137.jpeg 768w, https:\/\/lisa.gallauner.at\/WordPress\/wp-content\/uploads\/2026\/03\/Villenfluch-1038x1536.jpeg 1038w, https:\/\/lisa.gallauner.at\/WordPress\/wp-content\/uploads\/2026\/03\/Villenfluch-1384x2048.jpeg 1384w, https:\/\/lisa.gallauner.at\/WordPress\/wp-content\/uploads\/2026\/03\/Villenfluch.jpeg 1472w\" sizes=\"auto, (max-width: 223px) 100vw, 223px\" \/><\/a><em>Villenfluch, der 5. Fall f\u00fcr M\u00f6rderisch &amp; Fesch (zwar kein Meierhofer Krimi aber mit Gastauftritt):<\/em><\/p>\n<p>Inhalt:<\/p>\n<p>Also das Letzte, woran der Polizist Friedrich Fesch glaubt, sind Geister. Deshalb findet er es auch ein bisserl \u00fcbertrieben, dass ein Fernsehteam nach Sankt Lindenbaum kommt, weil es in der noblen Seevilla spukt. Als wenig sp\u00e4ter eine Wasserleiche gefunden wird, ist dem posttraumatisch etwas angeschlagenen Ermittler klar, dass er endlich wieder aktiv werden muss.<\/p>\n<p>Zeitgleich haben auch Chefinspektor Hans Meierhofer und sein mittlerweile erweitertes Team einen anstrengenden Fall hinter sich. Der Wachauer Kriminalbeamte sehnt sich also eigentlich nach ein paar Tagen Urlaub, als Gruppeninspektor Staudinger pl\u00f6tzlich eine Nachricht seiner alten Bekannten Michi M\u00f6rderisch bekommt.<\/p>\n<p>Und auch, wenn Friedrich Fesch, Hans Meierhofer und ihre Kollegen einander nie pers\u00f6nlich treffen, werden sie nun zu unerwarteten Partnern. Denn der Sankt Lindenbaumer Villenfluch zieht seine Spuren bis in die Wachau.<\/td>\n<\/tr>\n<tr>\n<td style=\"text-align: justify;\"><em><a href=\"https:\/\/federfrei.at\/?product=teufelsklang-von-lisa-gallauner\"><img loading=\"lazy\" decoding=\"async\" class=\"alignleft wp-image-1092 size-medium\" style=\"width: 200px; height: 300px;\" src=\"https:\/\/lisa.gallauner.at\/WordPress\/wp-content\/uploads\/2023\/09\/Cover-Teufelsklang-203x300.jpg\" alt=\"\" width=\"203\" height=\"300\" srcset=\"https:\/\/lisa.gallauner.at\/WordPress\/wp-content\/uploads\/2023\/09\/Cover-Teufelsklang-203x300.jpg 203w, https:\/\/lisa.gallauner.at\/WordPress\/wp-content\/uploads\/2023\/09\/Cover-Teufelsklang-693x1024.jpg 693w, https:\/\/lisa.gallauner.at\/WordPress\/wp-content\/uploads\/2023\/09\/Cover-Teufelsklang-768x1135.jpg 768w, https:\/\/lisa.gallauner.at\/WordPress\/wp-content\/uploads\/2023\/09\/Cover-Teufelsklang-1039x1536.jpg 1039w, https:\/\/lisa.gallauner.at\/WordPress\/wp-content\/uploads\/2023\/09\/Cover-Teufelsklang-1385x2048.jpg 1385w, https:\/\/lisa.gallauner.at\/WordPress\/wp-content\/uploads\/2023\/09\/Cover-Teufelsklang.jpg 1455w\" sizes=\"auto, (max-width: 203px) 100vw, 203px\" \/><\/a>Teufelsklang (Meierhofers 10.Fall):<\/em><\/p>\n<p>Inhalt:<\/p>\n<p align=\"justify\">Meierhofer und sein Kollege Staudinger, deren neue Kollegin ihnen das Leben schwermacht, haben sich noch nicht ann\u00e4hernd von den Strapazen ihres letzten Falles erholt, als eine r\u00e4tselhafte Mordserie die sp\u00e4therbstliche Idylle der Wachau st\u00f6rt. So unterschiedlich die Opfer auch sind, eines vereint sie \u2013 alle haben sie vor ihrem Tod eine mysteri\u00f6se Nachricht erhalten. Eine Nachricht, deren einziger Inhalt ein teuflischer Klang ist: der Tritonus.<\/p>\n<\/td>\n<\/tr>\n<tr>\n<td style=\"text-align: justify;\"><a href=\"https:\/\/federfrei.at\/?product=teufelslos-von-lisa-gallauner\"><img loading=\"lazy\" decoding=\"async\" class=\"alignleft wp-image-1041 size-medium\" style=\"width: 200px; height: 300px;\" src=\"https:\/\/lisa.gallauner.at\/WordPress\/wp-content\/uploads\/2022\/05\/dbec5ff5-4b97-47a0-a603-f712167b0f04-202x300.jpg\" alt=\"\" width=\"202\" height=\"300\" srcset=\"https:\/\/lisa.gallauner.at\/WordPress\/wp-content\/uploads\/2022\/05\/dbec5ff5-4b97-47a0-a603-f712167b0f04-202x300.jpg 202w, https:\/\/lisa.gallauner.at\/WordPress\/wp-content\/uploads\/2022\/05\/dbec5ff5-4b97-47a0-a603-f712167b0f04-691x1024.jpg 691w, https:\/\/lisa.gallauner.at\/WordPress\/wp-content\/uploads\/2022\/05\/dbec5ff5-4b97-47a0-a603-f712167b0f04-768x1139.jpg 768w, https:\/\/lisa.gallauner.at\/WordPress\/wp-content\/uploads\/2022\/05\/dbec5ff5-4b97-47a0-a603-f712167b0f04-1036x1536.jpg 1036w, https:\/\/lisa.gallauner.at\/WordPress\/wp-content\/uploads\/2022\/05\/dbec5ff5-4b97-47a0-a603-f712167b0f04-1381x2048.jpg 1381w, https:\/\/lisa.gallauner.at\/WordPress\/wp-content\/uploads\/2022\/05\/dbec5ff5-4b97-47a0-a603-f712167b0f04.jpg 1461w\" sizes=\"auto, (max-width: 202px) 100vw, 202px\" \/><\/a><em style=\"font-size: revert; font-family: inherit; font-weight: inherit; color: initial;\">Teufelslos (Meierhofers 9.Fall):<\/em><\/p>\n<p>Inhalt:<\/p>\n<p style=\"text-align: justify;\">Gruppeninspektor Staudingers Hochzeitsfeier in den Wachauer Weinbergen scheint ein rauschendes Fest zu werden. Doch dann geschieht etwas Unaussprechliches, und Meierhofers Welt wird mit einem Mal auf den Kopf gestellt. Um diesen Fall zu l\u00f6sen, der ihm nahegeht wie keiner zuvor, muss er sich seiner Vergangenheit stellen.<br \/>\nImmerhin h\u00e4ngt das Gl\u00fcck seines gesamten Teams davon ab. Wird er das t\u00f6dliche Spiel, in dem er einen tragende Rolle einnimmt, gewinnen k\u00f6nnen?<\/p>\n<\/td>\n<\/tr>\n<tr>\n<td style=\"text-align: justify;\"><em><a href=\"https:\/\/federfrei.at\/?product=teufelsblueten-von-lisa-gallauner\"><img loading=\"lazy\" decoding=\"async\" class=\"alignleft wp-image-954 size-medium\" style=\"width: 200px; height: 300px;\" src=\"https:\/\/lisa.gallauner.at\/WordPress\/wp-content\/uploads\/2019\/12\/Cover-Teufelsbl\u00fcten-1-203x300.jpg\" alt=\"\" width=\"203\" height=\"300\" srcset=\"https:\/\/lisa.gallauner.at\/WordPress\/wp-content\/uploads\/2019\/12\/Cover-Teufelsbl\u00fcten-1-203x300.jpg 203w, https:\/\/lisa.gallauner.at\/WordPress\/wp-content\/uploads\/2019\/12\/Cover-Teufelsbl\u00fcten-1-692x1024.jpg 692w, https:\/\/lisa.gallauner.at\/WordPress\/wp-content\/uploads\/2019\/12\/Cover-Teufelsbl\u00fcten-1-768x1136.jpg 768w, https:\/\/lisa.gallauner.at\/WordPress\/wp-content\/uploads\/2019\/12\/Cover-Teufelsbl\u00fcten-1-1038x1536.jpg 1038w, https:\/\/lisa.gallauner.at\/WordPress\/wp-content\/uploads\/2019\/12\/Cover-Teufelsbl\u00fcten-1-1384x2048.jpg 1384w, https:\/\/lisa.gallauner.at\/WordPress\/wp-content\/uploads\/2019\/12\/Cover-Teufelsbl\u00fcten-1.jpg 1477w\" sizes=\"auto, (max-width: 203px) 100vw, 203px\" \/><\/a>\u00a0<\/em><em>Teufelsbl\u00fcten (Meierhofers 8.Fall):<\/em><\/p>\n<p>Inhalt:<\/p>\n<p>Ausgerechnet w\u00e4hrend der weltber\u00fchmten Wachauer Marillenbl\u00fcte stehen Meierhofer und sein Team vor einem neuen Fall. In einem Marillengarten wird die Leiche eines jungen Mannes gefunden, einen bl\u00fchenden Marillenzweig im Mund, an dem ein K\u00e4rtchen mit einer omin\u00f6sen Botschaft h\u00e4ngt. Drei Fragen besch\u00e4ftigen die Ermittler besonders: Handelt es sich bei dem toten tats\u00e4chlich um einen aufstrebenden Influencer? Welche Bedeutung haben der Marillenzweig und die drei Worte darauf? Und wie hoch ist die Gefahr, dass der T\u00e4ter erneut zuschl\u00e4gt?<\/td>\n<\/tr>\n<tr>\n<td style=\"text-align: justify;\"><em><a style=\"outline-width: 0px !important; user-select: auto !important;\" href=\"https:\/\/federfrei.at\/?product=teufelsziel-von-lisa-gallauner\" target=\"_blank\" rel=\"noopener noreferrer\"><img loading=\"lazy\" decoding=\"async\" class=\"alignleft wp-image-851 size-medium\" style=\"width: 200px; height: 300px;\" src=\"https:\/\/lisa.gallauner.at\/WordPress\/wp-content\/uploads\/2018\/01\/cover_teufelsziel-202x300.jpg\" alt=\"\" width=\"202\" height=\"300\" srcset=\"https:\/\/lisa.gallauner.at\/WordPress\/wp-content\/uploads\/2018\/01\/cover_teufelsziel-202x300.jpg 202w, https:\/\/lisa.gallauner.at\/WordPress\/wp-content\/uploads\/2018\/01\/cover_teufelsziel-768x1141.jpg 768w, https:\/\/lisa.gallauner.at\/WordPress\/wp-content\/uploads\/2018\/01\/cover_teufelsziel-689x1024.jpg 689w, https:\/\/lisa.gallauner.at\/WordPress\/wp-content\/uploads\/2018\/01\/cover_teufelsziel.jpg 1470w\" sizes=\"auto, (max-width: 202px) 100vw, 202px\" \/><\/a><\/em><em><span style=\"color: #000000;\">Teufelsziel (Meierhofers 7. Fall):<\/span><\/em><\/p>\n<p>Inhalt:<\/p>\n<p>Eine unertr\u00e4gliche Hitzewelle hat die sommerliche Wachau fest in ihrem Griff, als Meierhofer und sein Team erneut zum Tatort eines schrecklichen Verbrechens gerufen werden. Auf einer m\u00e4rchenhaften Waldlichtung finden Picknicker die Leiche einer jungen Frau, aus deren Brust ein schwarzer Jagdpfeil ragt. Nicht nur die Tatsache, dass die Tote einem modernen Dornr\u00f6schen gleicht, sorgt bei Meierhofer f\u00fcr Kopfzerbrechen. Auch die Vermutung, dass der teuflische Bogensch\u00fctze erneut zuschlagen k\u00f6nnte, verursacht dem routinierten Chefinspektor schlaflose N\u00e4chte. Genau wie dieser eine, weitere, ungew\u00f6hnliche Fund, der Meierhofers gesamtes Privatleben auf den Kopf stellt.<\/td>\n<\/tr>\n<tr>\n<td style=\"text-align: justify;\"><a style=\"outline-width: 0px !important; user-select: auto !important;\" href=\"https:\/\/federfrei.at\/?product=teufelsbotschaft-von-lisa-gallauner\" target=\"_blank\" rel=\"noopener noreferrer\"><img loading=\"lazy\" decoding=\"async\" class=\"alignleft wp-image-754 size-medium\" style=\"width: 200px; height: 300px;\" src=\"https:\/\/lisa.gallauner.at\/WordPress\/wp-content\/uploads\/2016\/09\/Cover-Teufelsbotschaft-203x300.jpg\" alt=\"cover-teufelsbotschaft\" width=\"203\" height=\"300\" srcset=\"https:\/\/lisa.gallauner.at\/WordPress\/wp-content\/uploads\/2016\/09\/Cover-Teufelsbotschaft-203x300.jpg 203w, https:\/\/lisa.gallauner.at\/WordPress\/wp-content\/uploads\/2016\/09\/Cover-Teufelsbotschaft.jpg 438w\" sizes=\"auto, (max-width: 203px) 100vw, 203px\" \/><\/a><\/p>\n<p style=\"text-align: left;\"><em>Teufelsbotschaft (Meierhofers 6. Fall)<\/em>:<\/p>\n<p style=\"text-align: left;\">Inhalt:<\/p>\n<p style=\"text-align: justify;\">Ein einsam gelegenes Blockhaus mitten in den idyllischen Wachauer Weinbergen wird zum Ort eines schrecklichen Blutbades. Als Meierhofer, der gerade zum zweiten Mal Gro\u00dfvater geworden ist, und sein Team am Tatort eintreffen, entdecken sie unz\u00e4hlige Blutspuren. Doch vom Opfer fehlt jede Spur. Wer war die Leiche und was geschah tats\u00e4chlich im Kaminzimmer des Ferienhauses?<\/p>\n<\/td>\n<\/tr>\n<tr>\n<td style=\"text-align: justify;\">\n<p style=\"text-align: left;\"><a style=\"outline-width: 0px !important; user-select: auto !important;\" href=\"https:\/\/federfrei.at\/?product=teufelsstrand-von-lisa-gallauner\" target=\"_blank\" rel=\"noopener noreferrer\"><img loading=\"lazy\" decoding=\"async\" class=\"alignleft wp-image-655 size-medium\" style=\"width: 200px; height: 300px;\" src=\"https:\/\/lisa.gallauner.at\/WordPress\/wp-content\/uploads\/2013\/11\/cover_teufelsstrand-202x300.jpg\" alt=\"cover_teufelsstrand\" width=\"202\" height=\"300\" srcset=\"https:\/\/lisa.gallauner.at\/WordPress\/wp-content\/uploads\/2013\/11\/cover_teufelsstrand-202x300.jpg 202w, https:\/\/lisa.gallauner.at\/WordPress\/wp-content\/uploads\/2013\/11\/cover_teufelsstrand-690x1024.jpg 690w, https:\/\/lisa.gallauner.at\/WordPress\/wp-content\/uploads\/2013\/11\/cover_teufelsstrand.jpg 1472w\" sizes=\"auto, (max-width: 202px) 100vw, 202px\" \/><\/a><\/p>\n<p style=\"text-align: left;\"><em>Teufelsstrand (Meierhofers 5. Fall)<\/em>:<\/p>\n<p>Inhalt:<\/p>\n<p>Als Jugendliche an einem wild-romantischen Donau-Strandst\u00fcck in der Wachau eine Frauenleiche finden, wird schnell klar, dass Chefinspektor Hans Meierhofer und Gruppeninspektor Stefano Staudinger einen neuen Fall haben. Ein letztes idyllisches Picknick in der warmen Junisonne wurde dem Opfer zum m\u00f6rderischen Verh\u00e4ngnis. Die Identit\u00e4t der Toten scheint rasch offenbart, doch dann nimmt der Fall pl\u00f6tzlich eine unerwartete Wendung. Das durch die junge Revierinspektorin Eva Brombspeidel verst\u00e4rkte Ermittlerteam besch\u00e4ftigt von diesem Moment an vor allem eine Frage: Welches dunkle Geheimnis nahm das Opfer mit sich in den gewaltsamen Tod?<\/td>\n<\/tr>\n<tr>\n<td style=\"text-align: left;\"><a href=\"https:\/\/federfrei.at\/?product=endstation-teufelsmauer-von-lisa-gallauner\" target=\"_blank\" rel=\"noopener noreferrer\"><img loading=\"lazy\" decoding=\"async\" class=\"alignleft wp-image-558 size-medium\" style=\"width: 200px; height: 300px;\" src=\"https:\/\/lisa.gallauner.at\/WordPress\/wp-content\/uploads\/2013\/11\/9783902784308-202x300.jpg\" alt=\"Endstation Teufelsmauer\" width=\"202\" height=\"300\" srcset=\"https:\/\/lisa.gallauner.at\/WordPress\/wp-content\/uploads\/2013\/11\/9783902784308-202x300.jpg 202w, https:\/\/lisa.gallauner.at\/WordPress\/wp-content\/uploads\/2013\/11\/9783902784308.jpg 353w\" sizes=\"auto, (max-width: 202px) 100vw, 202px\" \/><\/a>Band 4 der Meierhofer &amp; Staudinger-Reihe: <em>Endstation Teufelsmauer<\/em><\/p>\n<p>Inhalt:<\/p>\n<p style=\"text-align: justify;\">Eine au\u00dfergew\u00f6hnliche K\u00e4ltewelle h\u00e4lt die idyllisch vereiste Wachau fest im Griff, als nahe der Teufelsmauer ein junges Paar erfroren aufgefunden wird. Barfu\u00df, nur mit Jeans und T-Shirts bekleidet, liegen die beiden toten Liebenden eng umschlungen im Schnee. Meierhofer und Staudinger nehmen die Ermittlungen auf und sto\u00dfen bald auf einen omin\u00f6sen Kreis Jugendlicher, der sich an mystischen Orten der Wachau trifft. Aber wieso tun sie das und was hat diese Gruppe mit dem Tod des Liebespaares zu tun? Die beiden Ermittler treffen auf eine teuflische Mauer des Schweigens.<\/p>\n<\/td>\n<\/tr>\n<tr>\n<td>\n<p style=\"text-align: justify;\"><a href=\"https:\/\/federfrei.at\/?product=teufelssturz-von-lisa-gallauner\" target=\"_blank\" rel=\"noopener noreferrer\"><img loading=\"lazy\" decoding=\"async\" class=\"alignleft wp-image-63 size-medium\" style=\"width: 200px; height: 300px;\" src=\"https:\/\/lisa.gallauner.at\/WordPress\/wp-content\/uploads\/2013\/11\/teufelssturz-202x300.jpg\" alt=\"Teufelssturz\" width=\"202\" height=\"300\" srcset=\"https:\/\/lisa.gallauner.at\/WordPress\/wp-content\/uploads\/2013\/11\/teufelssturz-202x300.jpg 202w, https:\/\/lisa.gallauner.at\/WordPress\/wp-content\/uploads\/2013\/11\/teufelssturz.jpg 295w\" sizes=\"auto, (max-width: 202px) 100vw, 202px\" \/><\/a><em>Teufelssturz<\/em> ist der 3. Band der in der Wachau spielenden Meierhofer &amp; Staudinger-Krimireihe.<\/p>\n<p style=\"text-align: justify;\">Inhalt:<\/p>\n<p style=\"text-align: justify;\">Seit der Giftmord-Serie sind eineinhalb Jahre vergangen und Meierhofer &amp; Staudinger ist momentan vor allem eines: langweilig.Doch dann finden Kletterer nahe der Burgruine Aggstein eine verweste Frauenleiche. Die Tote tr\u00e4gt ein wei\u00dfes Kleid, in den H\u00e4nden h\u00e4lt sie eine Holzaxt, auf der ein seltsames blutrotes Symbol prangt. Au\u00dferdem hat der M\u00f6rder den Ermittlern eine Botschaft hinterlassen. Ein einziges, ebenfalls blutrot geschriebenes Wort: Teufelssturz.<\/p>\n<\/td>\n<\/tr>\n<tr>\n<td>\n<p style=\"text-align: left;\"><a href=\"https:\/\/federfrei.at\/?product=teufelsmahl-von-lisa-gallauner\"><img loading=\"lazy\" decoding=\"async\" class=\"alignleft wp-image-67 size-medium\" style=\"width: 200px; height: 300px;\" src=\"https:\/\/lisa.gallauner.at\/WordPress\/wp-content\/uploads\/2013\/11\/teufelsmahl1-203x300.jpg\" alt=\"Teufelsmahl\" width=\"203\" height=\"300\" srcset=\"https:\/\/lisa.gallauner.at\/WordPress\/wp-content\/uploads\/2013\/11\/teufelsmahl1-203x300.jpg 203w, https:\/\/lisa.gallauner.at\/WordPress\/wp-content\/uploads\/2013\/11\/teufelsmahl1.jpg 260w\" sizes=\"auto, (max-width: 203px) 100vw, 203px\" \/><\/a><em>Teufelsmahl<\/em> ist Band 2 der Meierhofer &amp; Staudinger-Reihe.<\/p>\n<p style=\"text-align: left;\">Inhalt:<\/p>\n<p style=\"text-align: justify;\">Ein erfolgreicher Unternehmer wird an einen Stuhl gefesselt in einer Waldh\u00fctte aufgefunden &#8211; vergiftet. Schnell sind dessen ehemalige Frau und der gemeinsame Sohn als m\u00f6gliche T\u00e4ter ausgeforscht. Doch wenig sp\u00e4ter passiert erneut ein Verbrechen. Wieder wird ein Mann vergiftet, wieder in einer Waldh\u00fctte und wieder wurde das Opfer an einen Stuhl gefesselt. Die Parallelen zwischen den Morden sind offensichtlich &#8211; doch augenscheinlich gibt es keine Verbindung zwischen den Opfern&#8230;<\/p>\n<\/td>\n<\/tr>\n<tr>\n<td>\n<p style=\"text-align: justify;\"><a href=\"https:\/\/federfrei.at\/?product=teufelsstimmen-von-lisa-gallauner\" target=\"_blank\" rel=\"noopener noreferrer\"><img loading=\"lazy\" decoding=\"async\" class=\"alignleft wp-image-523\" style=\"width: 200px; height: 300px;\" src=\"https:\/\/lisa.gallauner.at\/WordPress\/wp-content\/uploads\/2013\/11\/Teufelsstimmen2.jpg\" alt=\"Teufelsstimmen2\" width=\"205\" height=\"303\" \/><\/a>Mein erster Kriminalroman f\u00fcr Erwachsene, \u201e<em>Teufelsstimmen<\/em>\u201c, ist im Verlag Federfrei erschienen.<\/p>\n<p style=\"text-align: justify;\">Es handelt sich um einen Regionalkrimi, der in der wundersch\u00f6nen Wachau spielt.Inhalt:Auf einem Campingplatz in der Wachau werden von einem Amokl\u00e4ufer f\u00fcnf Touristen erschossen. Kurz darauf verbrennt ein ordentlicher, friedlicher G\u00e4rtner seine Frau. Als weitere Verbrechen geschehen, ahnen Chefinspektor Hans Meierhofer und sein junger Kollege, Gruppeninspektor Stefano Staudinger, dass diese in einem Zusammenhang stehen m\u00fcssen. Sie kennen zwar die T\u00e4ter, doch sie finden keine Hinweise auf ein m\u00f6gliches Motiv. Die T\u00e4ter scheinen einander nicht gekannt zu haben, und auch sonst gibt es kaum Ber\u00fchrungspunkte &#8211; bis auf eine Gemeinsamkeit: Alle gaben an, w\u00e4hrend der Tat Stimmen geh\u00f6rt zu haben&#8230;<\/p>\n<\/td>\n<\/tr>\n<tr>\n<td><\/td>\n<\/tr>\n<\/tbody>\n<\/table>\n","protected":false},"excerpt":{"rendered":"<p>Villenfluch, der 5. Fall f\u00fcr M\u00f6rderisch &amp; Fesch (zwar kein Meierhofer Krimi aber mit Gastauftritt): Inhalt: Also das Letzte, woran der Polizist Friedrich Fesch glaubt, sind Geister. Deshalb findet er es auch ein bisserl \u00fcbertrieben, dass ein Fernsehteam nach Sankt Lindenbaum kommt, weil es in der noblen Seevilla spukt. Als wenig sp\u00e4ter eine Wasserleiche gefunden [&hellip;]<\/p>\n","protected":false},"author":2,"featured_media":0,"parent":0,"menu_order":0,"comment_status":"closed","ping_status":"closed","template":"","meta":{"footnotes":""},"class_list":["post-10","page","type-page","status-publish","hentry"],"_links":{"self":[{"href":"https:\/\/lisa.gallauner.at\/index.php?rest_route=\/wp\/v2\/pages\/10","targetHints":{"allow":["GET"]}}],"collection":[{"href":"https:\/\/lisa.gallauner.at\/index.php?rest_route=\/wp\/v2\/pages"}],"about":[{"href":"https:\/\/lisa.gallauner.at\/index.php?rest_route=\/wp\/v2\/types\/page"}],"author":[{"embeddable":true,"href":"https:\/\/lisa.gallauner.at\/index.php?rest_route=\/wp\/v2\/users\/2"}],"replies":[{"embeddable":true,"href":"https:\/\/lisa.gallauner.at\/index.php?rest_route=%2Fwp%2Fv2%2Fcomments&post=10"}],"version-history":[{"count":69,"href":"https:\/\/lisa.gallauner.at\/index.php?rest_route=\/wp\/v2\/pages\/10\/revisions"}],"predecessor-version":[{"id":1158,"href":"https:\/\/lisa.gallauner.at\/index.php?rest_route=\/wp\/v2\/pages\/10\/revisions\/1158"}],"wp:attachment":[{"href":"https:\/\/lisa.gallauner.at\/index.php?rest_route=%2Fwp%2Fv2%2Fmedia&parent=10"}],"curies":[{"name":"wp","href":"https:\/\/api.w.org\/{rel}","templated":true}]}}